19
Let r(x) = 2*x**3 - 164*x**2 + 2207*x + 77. Calculate r(17).
26
Let a(m) = m**2 - 12781*m + 5024257. What is a(406)?
7
Let c(q) = q**3 - 33*q**2 + 719*q - 4457. What is c(10)?
433
Let v(o) = -225134*o - 4952955. Determine v(-22).
-7
Let k(n) = -43*n**2 - 5690*n + 530. Calculate k(-132).
2378
Let n(o) = o**2 - 64*o + 673. What is n(46)?
-155
Let p(x) = x**2 - 59*x - 701. What is p(81)?
1081
Let t(h) = -27*h**2 + 63*h + 115. Calculate t(-10).
-3215
Let z(w) = 361*w**2 + 9713*w - 309. Determine z(-27).
609
Let s(j) = -124*j**2 + 55*j + 29. What is s(1)?
-40
Let k(d) = 417*d + 56632. Give k(-136).
-80
Let g(b) = 2*b**3 - 44*b**2 - 303*b + 3829. What is g(25)?
4
Let n(h) = 2050352*h - 4100710. Calculate n(2).
-6
Let v(h) = -328*h**2 + 582*h + 584. What is v(-1)?
-326
Let l(d) = -46*d**2 + 64*d + 2423. Give l(8).
-9
Let j(h) = -7*h**2 - 122*h - 59. Give j(-16).
101
Let g(v) = v**2 - 72*v - 1066. Determine g(-12).
-58
Let y(t) = 3309*t - 19579. Calculate y(6).
275
Let k(d) = 1531*d + 11064. Determine k(-7).
347
Let p(b) = -b**3 + 13*b**2 + 19*b - 135. Determine p(17).
-968
Let j(i) = -i**3 + 117*i**2 - 75*i + 9476. Give j(117).
701
Let r(v) = -v**3 + 4*v**2 - 21*v + 221. Give r(6).
23
Let a(m) = -4*m**2 + 25*m + 618. What is a(-9)?
69
Let s(r) = 268*r**2 - 12515*r + 8594. Determine s(46).
-8
Let a(h) = 63*h**2 - 18337*h + 138. Calculate a(291).
-1026
Let r(s) = -1442*s - 12917. Calculate r(-9).
61
Let h(a) = 5*a**3 - 15*a**2 + 59*a - 501. Determine h(5).
44
Let j(z) = 2*z**3 - z**2 - 252*z + 1181. Calculate j(10).
561
Let g(i) = 2*i**3 - 27*i**2 - 238*i + 902. Determine g(3).
-1
Let m(u) = -18371*u - 18099. Give m(-1).
272
Let f(k) = -21*k**3 + 631*k**2 - 30*k - 10. Determine f(30).
-10
Let u(d) = 62*d**2 + 196*d - 580. What is u(3)?
566
Let c(q) = -2200*q - 59418. Determine c(-27).
-18
Let t(z) = -z**3 - 37*z - 392. Calculate t(-6).
46
Let a(j) = -281*j - 3016. What is a(3)?
-3859
Let z(x) = -319*x - 68605. What is z(-215)?
-20
Let d(q) = 119*q - 118. What is d(5)?
477
Let c(n) = -n**2 + 271*n - 9282. Determine c(40).
-42
Let n(w) = 1246*w - 2102. What is n(4)?
2882
Let d(g) = 4*g**3 + 12*g**2 - 27*g + 68. Give d(-8).
-996
Let k(m) = 4*m**2 + 2147*m + 27894. Determine k(-13).
659
Let k(y) = y**2 - 1076*y - 28695. Determine k(-26).
-43
Let w(h) = -h**3 + 47*h**2 - 362*h + 22689. Determine w(49).
149
Let m(i) = i**3 + 78*i**2 - 48*i - 3161. Determine m(-78).
583
Let n(q) = -224*q**2 - 223113*q - 8947. Give n(-996).
17
Let a(n) = 28*n**2 - 847*n + 4684. What is a(23)?
15
Let t(y) = -y**2 + 4001*y + 28056. Determine t(-7).
0
Let t(p) = -4*p**2 - 14*p + 81. Give t(-15).
-609
Let j(o) = -o**3 - 4*o**2 + 346*o + 150. Calculate j(12).
1998
Let y(l) = 324*l + 8701. What is y(-27)?
-47
Let s(l) = 5243*l + 2165336. Give s(-413).
-23
Let x(v) = 22844*v + 342592. What is x(-15)?
-68
Let r(l) = 1033*l - 5366. What is r(6)?
832
Let n(g) = 5*g**3 - 72*g**2 - 92*g + 806. Determine n(15).
101
Let d(r) = -3*r**3 + 527*r**2 + 92*r + 14914. Determine d(176).
130
Let j(q) = -3536*q - 19133. Calculate j(-5).
-1453
Let h(c) = -c**3 - 48*c**2 + 47*c + 1489. Give h(-49).
1587
Let v(r) = 2*r**3 - 6*r**2 - 110*r - 702. Give v(-6).
-690
Let l(p) = -2587*p + 463248. Give l(179).
175
Let w(a) = a**3 - 457*a**2 - 6112*a - 31. Give w(-13).
-5
Let y(r) = 3*r**3 - 52*r**2 - 56*r + 336. What is y(18)?
-24
Let v(g) = -g**3 - 352*g**2 - 5381*g - 1588. Give v(-336).
92
Let o(k) = -k**2 - 550142*k + 4401206. Calculate o(8).
6
Let j(q) = -58774*q - 822854. Determine j(-14).
-18
Let o(t) = 2*t**2 + 3039*t + 444636. What is o(-164)?
32
Let g(i) = i**2 - 160*i + 4261. Give g(126).
-23
Let u(k) = -k**3 - 13*k**2 - k + 416. What is u(-9)?
101
Let a(q) = 33*q**3 + 287*q**2 + 371*q - 20. What is a(-7)?
127
Let h(r) = -12*r**3 + 180*r**2 + 333*r - 2259. Determine h(16).
-3
Let j(r) = -r**2 - 131981*r - 1451598. Determine j(-11).
72
Let y(p) = p**2 - 36333*p + 145279. Calculate y(4).
-37
Let g(r) = -4*r**3 + 15*r**2 - 61*r - 78. What is g(-1)?
2
Let h(f) = 3*f**3 + 569*f**2 + 6226*f - 688. What is h(-178)?
24
Let f(y) = -5*y - 1909. Give f(-89).
-1464
Let s(m) = -m**3 + 9*m**2 - 938*m + 6444. What is s(7)?
-24
Let m(k) = -23*k**2 + 477*k - 1747. Determine m(16).
-3
Let s(b) = b**3 + 51*b**2 + 592*b - 66. Determine s(-18).
-30
Let a(y) = -y**3 - 111*y**2 - 1679*y - 476. Calculate a(-93).
-11
Let t(l) = 5059*l + 546380. What is t(-108)?
8
Let o(d) = 4048*d + 6140829. Calculate o(-1517).
13
Let l(o) = o**3 + 90*o**2 + 300*o + 3382. Determine l(-87).
-11
Let i(j) = -j**3 + 4*j**2 + 2500*j - 45054. Determine i(21).
-51
Let l(v) = 16808*v - 907501. Give l(54).
131
Let n(x) = 2*x**3 - 18*x**2 - 176*x + 15. Give n(-6).
-9
Let h(y) = y**2 + 49*y - 1986. Determine h(-81).
606
Let x(o) = -8*o**2 - 31*o + 682. Calculate x(-6).
580
Let w(h) = -67717*h - 270866. Give w(-4).
2
Let d(z) = 17*z**2 + 1007*z + 3036. Determine d(-56).
-44
Let o(p) = p**2 + 3072*p + 779239. Determine o(-279).
-8
Let p(r) = -156027*r + 13574387. Calculate p(87).
38
Let k(c) = -5997*c + 131962. Give k(22).
28
Let p(n) = 4*n**2 - 48378*n + 483346. What is p(10)?
-34
Let j(p) = 48264*p + 47835. What is j(-1)?
-429
Let s(z) = -z**3 + 705*z**2 + 2095*z + 20519. Give s(708).
-13
Let g(q) = -28*q**2 - 3365*q + 6206. What is g(-122)?
-16
Let c(o) = 556*o - 16665. Calculate c(30).
15
Let x(q) = 186*q**2 - 1026*q + 1150. Determine x(4).
22
Let s(d) = d**3 + 159*d**2 - 3187*d + 917. Calculate s(-177).
1094
Let i(r) = 14*r**2 - 13365*r - 562176. Give i(995).
-1
Let k(c) = 12513*c**2 + 25071*c + 3. Give k(-2).
-87
Let u(v) = 56*v + 797. What is u(-6)?
461
Let w(p) = -100*p + 6156. Calculate w(60).
156
Let l(h) = h**3 + 281*h**2 + 18193*h + 1744. What is l(-180)?
-596
Let j(p) = 3*p**2 + 11630*p - 81511. Determine j(7).
46
Let l(t) = -t**3 - 26*t**2 + 515*t + 228. Give l(-39).
-84
Let c(k) = 5137*k - 128432. Calculate c(25).
-7
Let p(b) = b**2 + 246*b + 9493. Calculate p(-50).
-307
Let q(z) = 38*z**2 - 2329*z + 6996. What is q(3)?
351
Let p(y) = 2*y**3 + 87*y**2 + 133*y + 312. Determine p(-42).
18
Let b(h) = 174*h + 2527. Give b(-9).
961
Let u(y) = -635409*y - 13979009. Calculate u(-22).
-11
Let w(r) = 2*r**3 + 122*r**2 - 1418*r - 26. What is w(10)?
-6
Let c(v) = -2*v**3 - 27*v**2 - 98*v - 18. Give c(-6).
30
Let n(o) = 26*o**3 - 1145*o**2 - 848*o + 39238. Give n(44).
-10
Let v(y) = 224*y + 144091. Calculate v(-641).
507
Let w(k) = 2*k**3 + 14*k**2 - 42*k - 211. Calculate w(-9).
-157
Let v(a) = a**3 - 35*a**2 + 13*a + 467. Calculate v(34).
-247
Let h(d) = -7*d**3 - 32*d**2 - 1173*d - 5940. Calculate h(-5).
0
Let d(a) = 43*a**2 + 495*a + 6. What is d(-9)?
-966
Let s(x) = -x**3 + 93*x**2 + 163*x - 6528. What is s(94)?
-42
Let z(f) = 142*f**2 - 125*f + 540. Determine z(5).
3465
Let j(k) = 745*k - 93317. What is j(125)?
-192
Let x(d) = -158*d + 763. What is x(4)?
131
Let r(c) = -193*c + 3414. What is r(16)?
326
Let j(w) = 13541*w - 1868677. Calculate j(138).
-19
Let p(f) = 2766*f - 2251506. Give p(814).
18
Let s(b) = -30002*b + 1050082. Calculate s(35).
12
Let o(t) = 5*t**3 - 125*t**2 - 272*t + 89. Determine o(27).
35
Let l(w) = -277*w**3 + w**2 - 194*w + 384. Determine l(2).
-2216
Let k(o) = -3*o**3 + 199*o**2 - 97*o + 3083. Give k(66).
1037
Let z(x) = 186*x - 115. Give z(1).
71
Let o(a) = a**2 - 276*a + 19587. Calculate o(128).
643
Let k(m) = -12195*m + 1768294. Give k(145).
19
Let p(r) = 647*r + 91885. What is p(-142)?
11
Let z(r) = r**2 - 173072*r + 2076697. Calculate z(12).
-23
Let w(p) = -1528*p + 7814. Determine w(5).
174
Let i(y) = -598*y + 26912. Determine i(42).
1796
Let q(m) = -2*m**2 - 967*m + 5859. Give q(6).
-15
Let k(a) = 210769*a + 5901530. Give k(-28).
-2
Let m(a) = -14*a**2 + 1539*a - 41398. Give m(47).
9
Let l(z) = 2667*z - 2663. What is l(1)?
4
Let r(i) = 8*i**2 + 155*i - 891. What is r(-24)?
-3
Let n(y) = -400*y**3 - 745*y**2 - 10*y - 15. What is n(-2)?
225
Let n(y) = y**2 + 1291*y - 3864. Give n(3).
18
Let c(o) = -286*o**3 - 288*o**2 - 5*o + 4. Determine c(-1).
7
Let g(r) = r**2 + 209*r - 8305. What is g(-243)?
-43
Let d(p) = p**3 + 60*p**2 + 122*p - 2018. Determine d(-57).
775
Let z(s) = 2*s**3 - 60*s**2 + 417*s - 412. Calculate z(21).
407
Let i(w) = -w**2 - 44*w + 364. Give i(-46).
272
Let r(i) = -1109*i + 143507. Calculate